f(-11).
-34
Let p(b) = -4063*b + 32242. What is p(8)?
-262
Let s(g) = -12*g**2 - 3806*g - 201148. Give s(-67).
-14
Let j(i) = -i**2 - 331*i - 13557. What is j(-47)?
-209
Let u(r) = -39*r - 1400. Calculate u(-40).
160
Let n(x) = x**3 + 19*x**2 - 195*x - 2554. Calculate n(-9).
11
Let w(i) = -5557*i - 72419. Determine w(-13).
-178
Let v(l) = 4*l**3 + 138*l**2 + 66*l - 180. Give v(-34).
-112
Let h(y) = 2*y**3 + 148*y**2 - 786*y + 350. Determine h(-79).
34
Let b(g) = 10822*g + 65185. Determine b(-6).
253
Let g(a) = a**2 - 96*a - 9757. What is g(161)?
708
Let l(c) = -2*c**3 - 274*c**2 - 1574*c - 283. Calculate l(-131).
-21
Let d(j) = 58*j**2 - 4501*j - 47419. Determine d(87).
-4
Let d(f) = 28*f**2 + 514*f + 388. What is d(-17)?
-258
Let r(i) = i**3 - 640*i**2 - 1934*i + 3. Calculate r(-3).
18
Let m(g) = -698*g**3 - 6*g**2 - 364*g - 364. Give m(-1).
692
Let h(p) = 86*p + 439. What is h(0)?
439
Let d(o) = -o**2 - 6763*o - 161483. What is d(-24)?
253
Let p(d) = -477*d - 9097. Give p(-19).
-34
Let b(v) = -1826*v - 503970. Give b(-276).
6
Let k(f) = -159835*f + 479684. What is k(3)?
179
Let r(v) = -v**3 + 91*v**2 - 767*v + 106. What is r(9)?
-155
Let k(s) = -17*s**2 + 189*s + 14. Give k(1).
186
Let w(v) = 2755*v + 30387. Calculate w(-11).
82
Let d(t) = -5829*t - 33741. Give d(-6).
1233
Let l(v) = -10*v**3 - 1488*v**2 - 39030*v + 53. Give l(-34).
-15
Let s(y) = y**2 + 1213643*y - 3640940. What is s(3)?
-2
Let c(x) = 5364*x - 337925. Give c(63).
7
Let g(s) = -29849*s - 537271. Calculate g(-18).
11
Let o(d) = -5272*d - 12959. Give o(-3).
2857
Let r(i) = -793*i + 91158. What is r(115)?
-37
Let j(v) = -4*v**3 - 17*v**2 - 112*v - 630. What is j(-8)?
1226
Let r(y) = 181*y + 27051. Calculate r(-149).
82
Let h(f) = 2*f**2 + 782*f - 52958. What is h(59)?
142
Let y(t) = t**3 - 320*t**2 + 25191*t - 225. Calculate y(181).
5567
Let k(b) = -30*b**3 - 950*b**2 + 348*b + 863. What is k(-32)?
-33
Let y(p) = 29508*p + 353920. Calculate y(-12).
-176
Let o(p) = 7905*p + 577066. Give o(-73).
1
Let v(f) = -27*f**2 + 1346*f + 2949. Calculate v(52).
-67
Let g(y) = -112*y**2 - 2335*y - 1891. Give g(-20).
9
Let s(q) = -39*q**2 + 639*q - 108. Determine s(17).
-516
Let x(f) = -24244*f - 3200204. Give x(-132).
4
Let r(u) = -1596*u - 76443. What is r(-48)?
165
Let a(j) = 742*j**3 - 9644*j**2 - 30*j + 48. Give a(13).
-4
Let z(i) = -39016*i + 702286. What is z(18)?
-2
Let w(o) = o**3 + 76*o**2 + 1461*o + 868. Give w(-40).
28
Let s(x) = -16*x**3 - 19532*x**2 + 4806*x - 95234. Calculate s(-1221).
4
Let x(n) = -538*n - 92565. Give x(-172).
-29
Let u(i) = -143*i**2 - 6155*i - 32. Calculate u(-43).
226
Let q(a) = -2*a**3 - 7*a**2 + 31*a - 568. Calculate q(-9).
44
Let n(x) = 11*x**3 - 55*x**2 - x - 89. What is n(5)?
-94
Let q(s) = 182*s - 10314. Give q(57).
60
Let r(f) = -2*f**3 - 33*f**2 - 140*f - 2716. What is r(-17)?
-47
Let p(g) = -34256*g**2 - 137057*g - 5. Determine p(-4).
127
Let r(v) = 925*v - 94333. What is r(102)?
17
Let f(t) = 3469*t + 20508. Determine f(-6).
-306
Let p(s) = 84*s**2 + 39*s + 79. Give p(-2).
337
Let b(h) = h**2 - 45057*h + 270279. Calculate b(6).
-27
Let f(l) = 20*l**2 + 3228*l - 1812. Calculate f(-162).
132
Let i(t) = t**3 - 383*t**2 - 20251*t - 1947. Calculate i(-47).
-20
Let g(n) = -2*n**2 + 124*n + 155. Determine g(53).
1109
Let o(q) = -9486*q - 218580. Determine o(-23).
-402
Let a(y) = -y**3 + 77*y**2 - 1437*y + 88. Determine a(32).
184
Let h(l) = l**3 - 28*l**2 + 59*l - 238. Give h(26).
-56
Let k(h) = -350*h + 131545. Give k(376).
-55
Let j(a) = -a**3 + 309*a**2 + 574*a + 14892. What is j(311)?
-36
Let y(a) = 14*a**3 - 685*a**2 - 254*a + 10026. Determine y(49).
-19
Let m(f) = -4*f**2 - 245*f + 2153. Determine m(-69).
14
Let s(v) = v**3 + 23*v**2 + 71*v - 19. Calculate s(-4).
1
Let w(m) = 29*m**2 + 160*m - 68. Determine w(-6).
16
Let r(f) = -2290105*f - 66413055. Determine r(-29).
-10
Let z(n) = 7*n**3 + 457*n**2 - 3563*n - 4. What is z(7)?
-151
Let c(m) = m**2 - 44*m - 30. What is c(49)?
215
Let c(s) = 8804*s + 43534. Give c(-5).
-486
Let l(j) = j**2 + 533*j - 716628. Calculate l(621).
6
Let b(d) = 4288*d**3 + 81469*d**2 - 55*d + 22. What is b(-19)?
-16
Let w(g) = 1205*g + 230154. What is w(-191)?
-1
Let s(t) = 3*t**2 + 23854*t + 1373438. What is s(-58)?
-2
Let j(x) = -15*x**2 - 2369*x - 9472. Calculate j(-4).
-236
Let i(n) = n**3 + 23*n**2 + 48*n + 104. Calculate i(-23).
-1000
Let v(c) = -1698*c - 11902. Determine v(-7).
-16
Let y(s) = -2*s**2 + 25278*s - 50553. Calculate y(2).
-5
Let k(o) = -54*o + 919. What is k(8)?
487
Let l(y) = y**3 + 49*y**2 - 2863*y + 1400. Give l(34).
6
Let g(y) = 4311*y + 185435. Give g(-43).
62
Let m(n) = 2*n**3 - 15*n**2 - 121*n + 1447. Calculate m(13).
1733
Let b(v) = v**3 - 195*v**2 - 1220*v + 2798. Determine b(201).
-16
Let n(t) = 4*t**3 + 59*t**2 + 275*t + 236. Calculate n(-3).
-166
Let q(d) = -d**3 + 199*d**2 - 2113*d + 8463. Determine q(188).
3
Let m(z) = -2*z**3 + 5*z**2 + 20*z - 120. Calculate m(0).
-120
Let a(t) = 438565*t + 1315769. Give a(-3).
74
Let r(w) = -26*w**3 - 17*w**2 - 33*w - 168. Determine r(-4).
1356
Let i(f) = 2*f**3 + 106*f**2 - 814*f - 47734. Determine i(-52).
2
Let k(t) = 1783*t + 109575. Give k(-58).
6161
Let v(w) = 140301*w - 8838973. Determine v(63).
-10
Let u(a) = -4*a**3 - 782*a**2 - 1955*a - 4834. Calculate u(-193).
-9
Let g(o) = -2013*o**2 + 7944*o + 423. Calculate g(4).
-9
Let o(m) = -m**2 + 212*m - 7632. Give o(167).
-117
Let m(n) = n**2 + 333*n - 15748. Determine m(42).
2
Let z(k) = -k**2 - 5678*k + 240238. Give z(42).
-2
Let o(k) = 5*k**3 - 33*k**2 + 32*k - 75. Give o(0).
-75
Let w(x) = -17315*x + 225271. Give w(13).
176
Let n(k) = 4*k**3 + 27*k**2 - 18*k - 271. Determine n(-5).
-6
Let z(t) = -55080*t + 440619. Calculate z(8).
-21
Let x(n) = n**2 - 36*n - 9484. Calculate x(-82).
192
Let t(m) = -7141*m + 199947. Give t(28).
-1
Let a(z) = 2261*z + 379829. Determine a(-168).
-19
Let r(j) = 21*j**2 - 2524*j + 15101. Determine r(6).
713
Let a(g) = -g**3 - 270*g**2 + 846*g - 70. Give a(3).
11
Let a(c) = -c**3 - 11*c**2 - 174*c + 615. Give a(3).
-33
Let l(j) = -j**2 + 2854*j + 901473. Determine l(-287).
6
Let d(h) = 10*h**3 - 468*h**2 - 108*h + 667. Determine d(47).
9
Let o(t) = 125*t - 768. Give o(6).
-18
Let m(a) = -121*a**2 - 11*a - 95. Calculate m(-4).
-1987
Let j(i) = -75*i - 3696. Give j(-45).
-321
Let d(x) = -x**3 - 151*x**2 - 419*x - 7. Give d(-3).
-82
Let t(a) = -a**3 - 28*a**2 + 74*a - 570. Determine t(-31).
19
Let w(k) = -9*k**3 - 182*k**2 - 45*k - 64. Give w(-20).
36
Let h(i) = 12*i**3 - 329*i**2 - 163*i + 112. Calculate h(28).
1036
Let w(c) = -2*c**2 - 100*c + 581. What is w(5)?
31
Let i(o) = o**3 + 2089*o**2 + 738740*o + 907. Determine i(-451).
5
Let w(d) = -25*d - 4836. Calculate w(-193).
-11
Let w(a) = -a**3 + 90*a**2 - 122*a + 2942. Give w(89).
5
Let h(f) = -f**2 + 21*f + 303. What is h(39)?
-399
Let f(c) = -c**3 + 76*c**2 + 558*c + 1909. Give f(83).
0
Let s(m) = -m**3 - 21*m**2 + 16*m + 191. Calculate s(-21).
-145
Let o(p) = -12*p**3 - p**2 - 31*p + 6. What is o(-6)?
2748
Let i(l) = 2438*l + 18981. Determine i(-8).
-523
Let d(n) = -n**3 - 4*n**2 + 404*n + 1211. What is d(-3)?
-10
Let l(o) = -7*o**2 - 845*o - 5044. Give l(-6).
-226
Let s(g) = 5*g**3 - 494*g**2 - 2233*g + 163303. Give s(100).
3
Let j(s) = s**2 + 5028*s - 274273. Determine j(54).
155
Let m(i) = 14*i**2 + i - 8771. What is m(25)?
4
Let h(r) = r**3 - 25*r**2 - 125*r + 269. Determine h(29).
8
Let j(s) = s**3 + 22*s**2 - 1633*s - 35928. Calculate j(-22).
-2
Let c(y) = 3*y**2 - 370*y - 8859. Give c(143).
-422
Let u(d) = 96*d - 3483. Give u(36).
-27
Let r(p) = -p**2 + 2137*p - 10678. What is r(5)?
-18
Let w(a) = -a**3 - 5*a**2 - 1133*a - 5654. Calculate w(-5).
11
Let h(z) = -1497*z - 646939. Give h(-432).
-235
Let k(y) = 7*y**2 + 373*y + 112. What is k(-19)?
-4448
Let a(f) = -5*f**2 - 14*f + 104460. Give a(-146).
-76
Let b(u) = 4116*u + 7874. Determine b(-2).
-358
Let l(n) = 71345*n - 642120. Calculate l(9).
-15
Let v(h) = 268543*h - 3759613. Give v(14).
-11
Let b(d) = d**2 + 215*d + 3775. Calculate b(-196).
51
Let f(w) = -22434*w + 67344. Calculate f(3).
42
Let d(a) = -8*a**2 + 313*a - 2341. Calculate d(7).
-542
Let r(p) = 120*p + 6357. Determine r(-67).
-1683
Let u(y) = -y**3 + 2*y**2 + 86*y + 751. Determine u(13).
10
L